{"id":370,"date":"2020-09-22T11:30:17","date_gmt":"2020-09-22T09:30:17","guid":{"rendered":"https:\/\/www.hassdenteufel.de\/shop\/?post_type=product&#038;p=370"},"modified":"2020-11-02T10:32:09","modified_gmt":"2020-11-02T09:32:09","slug":"fluegelzellen-fluessigkeitsringpumpe-mencarelli","status":"publish","type":"product","link":"https:\/\/www.hassdenteufel.de\/shop\/produkt\/fluegelzellen-fluessigkeitsringpumpe-mencarelli\/","title":{"rendered":"Fl\u00fcgelzellen-\/Fl\u00fcssigkeitsringpumpe | Mencarelli"},"content":{"rendered":"<p><strong>Kenndaten<\/strong><br \/>\nDruckstutzen &#8211; Nennweite DN: 1\u201c \u00f7 1\u00bd\u201c<br \/>\nF\u00f6rderstrom Q (m\u00b3\/h): \u00f7 54<br \/>\nF\u00f6rderh\u00f6he H (m): \u00f7 60<br \/>\nAntriebsleistung (kW): \u00f7 5,5<br \/>\nWerkstoffe: Edelstahl<\/p>\n<p><strong>Kurzbeschreibung<\/strong><br \/>\nG-Serie<br \/>\n\u2022 Selbstansaugende Fl\u00fcgelzellenpumpe (Impeller-Pumpe) mit Edelstahl-Geh\u00e4use. Laufrad aus Neoprene. Die Pumpe ist lieferbar mit 2-, 4- und 6-poligen Motor, regelbarem Getriebe oder angebauter<br \/>\nFrequenzregelung. Eine Umkehr der F\u00f6rderrichtung ist bei einigen Typen ebenfalls m\u00f6glich.<br \/>\nPAS-Serie<br \/>\n\u2022 Selbstansaugende Fl\u00fcssigkeitsringpumpe aus Edelstahl AISI 304 oder AISI 316 mit integriertem Filter und Bypass. Geeignet zur F\u00f6rderung von reinen Fl\u00fcssigkeiten mit hohem Luftanteil und<br \/>\naggressiven F\u00f6rdermedien welche die Pumpenbauteile nicht angreifen.<\/p>\n<p><strong>Einsatzgebiete<\/strong><br \/>\nG-Serie<br \/>\n\u2022 Zur F\u00f6rderung von viskosen Fl\u00fcssigkeiten mit gel\u00f6sten Verschmutzungen sowie aggressiven F\u00f6rdermedien welche die Pumpenbauteile nicht angreifen<br \/>\n\u2022 Entleerung und Bef\u00fcllung von Beh\u00e4ltern<br \/>\n\u2022 F\u00f6rderung von Fl\u00fcssigkeiten mit Feststoffen aus Keltereibetrieben<br \/>\n\u2022 F\u00f6rderung von Zusatzmitteln der Betonindustrie<\/p>\n<p>PAS-Serie<br \/>\n\u2022 Zur F\u00f6rderung von reinen Fl\u00fcssigkeiten mit hohem Gasanteil und aggressiven Medien welche die Pumpenbauteile nicht angreifen<br \/>\n\u2022 Fl\u00fcssigkeitsaufbereitung<br \/>\n\u2022 Drucksteigerung<br \/>\n\u2022 Anwendungen die hohe Saugf\u00e4higkeit erfordern<\/p>\n<p><strong>Zubeh\u00f6r<\/strong><br \/>\n\u2022 Handgriffe, Fahrgestelle<\/p>\n<p>&nbsp;<\/p>\n","protected":false},"excerpt":{"rendered":"<p>Kenndaten Druckstutzen &#8211; Nennweite DN: 1\u201c \u00f7 1\u00bd\u201c F\u00f6rderstrom Q (m\u00b3\/h): \u00f7 54 F\u00f6rderh\u00f6he H (m): \u00f7 60 Antriebsleistung (kW): \u00f7 5,5 Werkstoffe: Edelstahl Kurzbeschreibung G-Serie \u2022 Selbstansaugende Fl\u00fcgelzellenpumpe (Impeller-Pumpe) mit Edelstahl-Geh\u00e4use. Laufrad aus Neoprene. Die Pumpe ist lieferbar mit 2-, 4- und 6-poligen Motor, regelbarem Getriebe oder angebauter Frequenzregelung. Eine Umkehr der F\u00f6rderrichtung ist [&hellip;]<\/p>\n","protected":false},"featured_media":420,"template":"","meta":[],"_links":{"self":[{"href":"https:\/\/www.hassdenteufel.de\/shop\/wp-json\/wp\/v2\/product\/370"}],"collection":[{"href":"https:\/\/www.hassdenteufel.de\/shop\/wp-json\/wp\/v2\/product"}],"about":[{"href":"https:\/\/www.hassdenteufel.de\/shop\/wp-json\/wp\/v2\/types\/product"}],"wp:featuredmedia":[{"embeddable":true,"href":"https:\/\/www.hassdenteufel.de\/shop\/wp-json\/wp\/v2\/media\/420"}],"wp:attachment":[{"href":"https:\/\/www.hassdenteufel.de\/shop\/wp-json\/wp\/v2\/media?parent=370"}],"curies":[{"name":"wp","href":"https:\/\/api.w.org\/{rel}","templated":true}]}}