{"id":365,"date":"2020-09-22T11:17:19","date_gmt":"2020-09-22T09:17:19","guid":{"rendered":"https:\/\/www.hassdenteufel.de\/shop\/?post_type=product&#038;p=365"},"modified":"2020-11-02T10:30:37","modified_gmt":"2020-11-02T09:30:37","slug":"pumpensteuerung-mit-drehzahlregelung-easymat-i-mat","status":"publish","type":"product","link":"https:\/\/www.hassdenteufel.de\/shop\/produkt\/pumpensteuerung-mit-drehzahlregelung-easymat-i-mat\/","title":{"rendered":"Pumpensteuerung mit Drehzahlregelung | EASYMAT, I-MAT"},"content":{"rendered":"<p><strong>Kenndaten<\/strong><br \/>\nEASYMAT \u00f7 max. 1,5 kW<br \/>\nI-MAT \u00f7 max. 30 kW<\/p>\n<p><strong>Kurzbeschreibung<\/strong><br \/>\n\u2022 EASYMAT: Kompakter Frequenzumrichter zur stufenlosen Drehzahlregelung von Pumpen (Konstantdruck oder konstante Drehzahl) bis max. 1,5 kW. F\u00fcr Pumpen in Dreh- und Wechselstromausf\u00fchrung.<br \/>\n\u2022 I-MAT: Vielf\u00e4ltig einsetzbarer Frequenzumrichter zur Drehzahlregelung von Pumpen (Konstantdruck, konstante F\u00f6rdermenge, Proportionaldruck, Temperatur, Festdrehzahl, Nachtmodus). F\u00fcr Wand- und\u00a0 \u00a0 \u00a0 \u00a0 \u00a0 \u00a0 \u00a0Motormontage.<\/p>\n<p><strong>Einsatzgebiete<\/strong><br \/>\n\u2022 Effizienter Betrieb von Pumpen durch Drehzahlregelung<br \/>\n\u2022 Exakte Regelung von Druck, F\u00f6rdermenge und Temperatur bei wechselnden Betriebsbedingungen<\/p>\n<p><strong>Zubeh\u00f6r<\/strong><br \/>\n\u2022 Adapter f\u00fcr Motormontage<br \/>\n\u2022 Adapter f\u00fcr Wandmontage<br \/>\n\u2022 Sensoren f\u00fcr Druck, Differenzdruck oder Temperatur<\/p>\n","protected":false},"excerpt":{"rendered":"<p>Kenndaten EASYMAT \u00f7 max. 1,5 kW I-MAT \u00f7 max. 30 kW Kurzbeschreibung \u2022 EASYMAT: Kompakter Frequenzumrichter zur stufenlosen Drehzahlregelung von Pumpen (Konstantdruck oder konstante Drehzahl) bis max. 1,5 kW. F\u00fcr Pumpen in Dreh- und Wechselstromausf\u00fchrung. \u2022 I-MAT: Vielf\u00e4ltig einsetzbarer Frequenzumrichter zur Drehzahlregelung von Pumpen (Konstantdruck, konstante F\u00f6rdermenge, Proportionaldruck, Temperatur, Festdrehzahl, Nachtmodus). F\u00fcr Wand- und\u00a0 \u00a0 [&hellip;]<\/p>\n","protected":false},"featured_media":417,"template":"","meta":[],"_links":{"self":[{"href":"https:\/\/www.hassdenteufel.de\/shop\/wp-json\/wp\/v2\/product\/365"}],"collection":[{"href":"https:\/\/www.hassdenteufel.de\/shop\/wp-json\/wp\/v2\/product"}],"about":[{"href":"https:\/\/www.hassdenteufel.de\/shop\/wp-json\/wp\/v2\/types\/product"}],"wp:featuredmedia":[{"embeddable":true,"href":"https:\/\/www.hassdenteufel.de\/shop\/wp-json\/wp\/v2\/media\/417"}],"wp:attachment":[{"href":"https:\/\/www.hassdenteufel.de\/shop\/wp-json\/wp\/v2\/media?parent=365"}],"curies":[{"name":"wp","href":"https:\/\/api.w.org\/{rel}","templated":true}]}}