{"id":364,"date":"2020-09-22T11:15:07","date_gmt":"2020-09-22T09:15:07","guid":{"rendered":"https:\/\/www.hassdenteufel.de\/shop\/?post_type=product&#038;p=364"},"modified":"2020-11-02T12:57:06","modified_gmt":"2020-11-02T11:57:06","slug":"wasserversorgungsanlage-bs","status":"publish","type":"product","link":"https:\/\/www.hassdenteufel.de\/shop\/produkt\/wasserversorgungsanlage-bs\/","title":{"rendered":"Wasserversorgungsanlage | BS"},"content":{"rendered":"<p><strong>Kenndaten<\/strong><br \/>\nAnschluss &#8211; Nennweite DN: 25 \u00f7 300<br \/>\nF\u00f6rderstrom Q (m\u00b3\/h): 1 \u00f7 600<br \/>\nF\u00f6rderh\u00f6he H (m): 10 \u00f7 140<br \/>\nAntriebsleistung (kW): \u00f7 175<br \/>\nDrehzahl (1\/min): 2.900<br \/>\nWerkstoffe: Grauguss, Bronze, Cr-Ni Stahl<\/p>\n<p><strong>Kurzbeschreibung<\/strong><br \/>\n\u2022 Einzel- und Mehrfachpumpenanlage (bis zu 6 Pumpen) mit Festdrehzahl oder mit Drehzahlregelung<br \/>\n\u2022 Anschlussfertig verrohrt mit allen erforderlichen Armaturen und R\u00fcckschlagventilen<br \/>\n\u2022 Elektrisch verdrahtet, auf Grundplatte montiert (ab 2 Pumpen)<\/p>\n<p><strong>Einsatzgebiete<\/strong><br \/>\n\u2022 Druckerh\u00f6hung<br \/>\n\u2022 Wasserversorgung<br \/>\n\u2022 Bew\u00e4sserungsanlagen<br \/>\n\u2022 Prozesstechnik<br \/>\n\u2022 Feuerl\u00f6schanlagen<\/p>\n<p><strong>Zubeh\u00f6r<\/strong><br \/>\n\u2022 Membrandruckbeh\u00e4lter<\/p>\n<p><strong>Download<\/strong><\/p>\n<p><a href=\"https:\/\/www.hassdenteufel.de\/shop\/wp-content\/uploads\/2020\/09\/Datenblatt-50-Hz-4.pdf\">Produktdatenblatt<\/a><\/p>\n","protected":false},"excerpt":{"rendered":"<p>Kenndaten Anschluss &#8211; Nennweite DN: 25 \u00f7 300 F\u00f6rderstrom Q (m\u00b3\/h): 1 \u00f7 600 F\u00f6rderh\u00f6he H (m): 10 \u00f7 140 Antriebsleistung (kW): \u00f7 175 Drehzahl (1\/min): 2.900 Werkstoffe: Grauguss, Bronze, Cr-Ni Stahl Kurzbeschreibung \u2022 Einzel- und Mehrfachpumpenanlage (bis zu 6 Pumpen) mit Festdrehzahl oder mit Drehzahlregelung \u2022 Anschlussfertig verrohrt mit allen erforderlichen Armaturen und R\u00fcckschlagventilen [&hellip;]<\/p>\n","protected":false},"featured_media":409,"template":"","meta":[],"_links":{"self":[{"href":"https:\/\/www.hassdenteufel.de\/shop\/wp-json\/wp\/v2\/product\/364"}],"collection":[{"href":"https:\/\/www.hassdenteufel.de\/shop\/wp-json\/wp\/v2\/product"}],"about":[{"href":"https:\/\/www.hassdenteufel.de\/shop\/wp-json\/wp\/v2\/types\/product"}],"wp:featuredmedia":[{"embeddable":true,"href":"https:\/\/www.hassdenteufel.de\/shop\/wp-json\/wp\/v2\/media\/409"}],"wp:attachment":[{"href":"https:\/\/www.hassdenteufel.de\/shop\/wp-json\/wp\/v2\/media?parent=364"}],"curies":[{"name":"wp","href":"https:\/\/api.w.org\/{rel}","templated":true}]}}