{"id":256,"date":"2020-09-16T20:10:51","date_gmt":"2020-09-16T18:10:51","guid":{"rendered":"https:\/\/www.hassdenteufel.de\/shop\/?page_id=256"},"modified":"2020-09-16T20:19:33","modified_gmt":"2020-09-16T18:19:33","slug":"elementor-256","status":"publish","type":"page","link":"https:\/\/www.hassdenteufel.de\/shop\/elementor-256\/","title":{"rendered":"Impressum"},"content":{"rendered":"\t\t<div data-elementor-type=\"wp-page\" data-elementor-id=\"256\" class=\"elementor elementor-256\" data-elementor-settings=\"[]\">\n\t\t\t\t\t\t<div class=\"elementor-inner\">\n\t\t\t\t\t\t\t<div class=\"elementor-section-wrap\">\n\t\t\t\t\t\t\t<section class=\"elementor-section elementor-top-section elementor-element elementor-element-6158e1a elementor-section-boxed elementor-section-height-default elementor-section-height-default\" data-id=\"6158e1a\" data-element_type=\"section\">\n\t\t\t\t\t\t<div class=\"elementor-container elementor-column-gap-default\">\n\t\t\t\t\t\t\t<div class=\"elementor-row\">\n\t\t\t\t\t<div class=\"elementor-column elementor-col-100 elementor-top-column elementor-element elementor-element-1498e6d\" data-id=\"1498e6d\" data-element_type=\"column\">\n\t\t\t<div class=\"elementor-column-wrap elementor-element-populated\">\n\t\t\t\t\t\t\t<div class=\"elementor-widget-wrap\">\n\t\t\t\t\t\t<div class=\"elementor-element elementor-element-aa2685b elementor-widget elementor-widget-text-editor\" data-id=\"aa2685b\" data-element_type=\"widget\" data-widget_type=\"text-editor.default\">\n\t\t\t\t<div class=\"elementor-widget-container\">\n\t\t\t\t\t<div class=\"elementor-text-editor elementor-clearfix\"><h2><span style=\"color: #19e0d6;\">Hauptsitz Werk Trier:<\/span><\/h2><p><strong>Anschrift:<\/strong><br \/>Ha\u00dfdenteufel Antriebs- und Systemtechnik GmbH<br \/>Niederkircher Stra\u00dfe 18<br \/>54294 Trier<\/p><p><strong>Gesch\u00e4ftsf\u00fchrer:<\/strong><br \/>J\u00fcrgen Ha\u00dfdenteufel<\/p><p><strong>Steuer-Nummer:<\/strong><br \/>ST 42\/656\/0771\/6<\/p><p><strong>USt-Ident-Nr:<\/strong><br \/>DE 152163947<\/p><p><strong>eingetragen unter:<\/strong><br \/>HR 3819 im Amtsgericht Trier<\/p><p><strong>Berufskammer:<\/strong><br \/>Handwerkskammer Trier unter Zugrundelegung<br \/>der Handwerksordnung<\/p><p><strong>Ansprechpartner:<\/strong><\/p><p>Telefon:\u00a0 \u00a0+49 (0)651 &#8211; 82871-0<br \/>Fax:\u00a0 \u00a0 \u00a0 \u00a0 \u00a0+49 (0)651 &#8211; 82871-23<br \/>e-Mail:\u00a0 \u00a0 trier@hassdenteufel.de<\/p><p>24 Std.-Hotline:<br \/>(au\u00dferhalb der allgemeinen Dienstzeiten)<br \/><span style=\"color: #ff0000;\">Tel.: 0171 &#8211; 5843497<\/span><\/p><h2><span style=\"color: #19e0d6;\">Niederlassung Plankstedt:<\/span><\/h2><p>Anschrift:<br \/>Ha\u00dfdenteufel Antriebs- und Systemtechnik GmbH<br \/>Brauereistra\u00dfe 17<br \/>68723 Plankstadt<\/p><p>\u00a0<\/p><p>Telefon:\u00a0 \u00a0+49 (0)6202 &#8211; 2 14 92<br \/>Fax:\u00a0 \u00a0 \u00a0 \u00a0 \u00a0+49 (0)6202 &#8211; 1 78 47<br \/>e-Mail:\u00a0 \u00a0 plankstadt@hassdenteufel.de<\/p><p><br \/>24 Std.-Hotline:<br \/>(au\u00dferhalb der allgemeinen Dienstzeiten)<br \/><span style=\"color: #ff0000;\">Tel.: 0172 &#8211; 8 07 21 75<\/span><\/p><h2><span style=\"color: #19e0d6;\">Niederlassung Worms:<\/span><\/h2><p>Anschrift:<br \/>Ha\u00dfdenteufel Antriebs- und Systemtechnik GmbH<br \/>Nikolaus-M\u00fcller Stra\u00dfe 19<br \/>67259 Gro\u00dfniedesheim<\/p><p>\u00a0<\/p><p>Telefon:\u00a0 \u00a0+49 (0)6239 &#8211; 92 99 42<br \/>Fax:\u00a0 \u00a0 \u00a0 \u00a0 \u00a0+49 (0)6239 &#8211; 92 99 37<br \/>e-Mail:\u00a0 \u00a0 steger@hassdenteufel.de<\/p><p><br \/>24 Std.-Hotline:<br \/>(au\u00dferhalb der allgemeinen Dienstzeiten)<br \/><span style=\"color: #ff0000;\">Tel.: 0163 &#8211; 7 45 15 04<\/span><\/p><\/div>\n\t\t\t\t<\/div>\n\t\t\t\t<\/div>\n\t\t\t\t\t\t<\/div>\n\t\t\t\t\t<\/div>\n\t\t<\/div>\n\t\t\t\t\t\t\t\t<\/div>\n\t\t\t\t\t<\/div>\n\t\t<\/section>\n\t\t\t\t\t\t<\/div>\n\t\t\t\t\t\t<\/div>\n\t\t\t\t\t<\/div>\n\t\t","protected":false},"excerpt":{"rendered":"<p>Hauptsitz Werk Trier: Anschrift:Ha\u00dfdenteufel Antriebs- und Systemtechnik GmbHNiederkircher Stra\u00dfe 1854294 Trier Gesch\u00e4ftsf\u00fchrer:J\u00fcrgen Ha\u00dfdenteufel Steuer-Nummer:ST 42\/656\/0771\/6 USt-Ident-Nr:DE 152163947 eingetragen unter:HR 3819 im Amtsgericht Trier Berufskammer:Handwerkskammer Trier unter Zugrundelegungder Handwerksordnung Ansprechpartner: Telefon:&nbsp; &nbsp;+49 (0)651 &#8211; 82871-0Fax:&nbsp; &nbsp; &nbsp; &nbsp; &nbsp;+49 (0)651 &#8211; 82871-23e-Mail:&nbsp; &nbsp; trier@hassdenteufel.de 24 Std.-Hotline:(au\u00dferhalb der allgemeinen Dienstzeiten)Tel.: 0171 &#8211; 5843497 Niederlassung Plankstedt: Anschrift:Ha\u00dfdenteufel Antriebs- [&hellip;]<\/p>\n","protected":false},"author":1,"featured_media":0,"parent":0,"menu_order":0,"comment_status":"closed","ping_status":"closed","template":"","meta":[],"_links":{"self":[{"href":"https:\/\/www.hassdenteufel.de\/shop\/wp-json\/wp\/v2\/pages\/256"}],"collection":[{"href":"https:\/\/www.hassdenteufel.de\/shop\/wp-json\/wp\/v2\/pages"}],"about":[{"href":"https:\/\/www.hassdenteufel.de\/shop\/wp-json\/wp\/v2\/types\/page"}],"author":[{"embeddable":true,"href":"https:\/\/www.hassdenteufel.de\/shop\/wp-json\/wp\/v2\/users\/1"}],"replies":[{"embeddable":true,"href":"https:\/\/www.hassdenteufel.de\/shop\/wp-json\/wp\/v2\/comments?post=256"}],"version-history":[{"count":4,"href":"https:\/\/www.hassdenteufel.de\/shop\/wp-json\/wp\/v2\/pages\/256\/revisions"}],"predecessor-version":[{"id":260,"href":"https:\/\/www.hassdenteufel.de\/shop\/wp-json\/wp\/v2\/pages\/256\/revisions\/260"}],"wp:attachment":[{"href":"https:\/\/www.hassdenteufel.de\/shop\/wp-json\/wp\/v2\/media?parent=256"}],"curies":[{"name":"wp","href":"https:\/\/api.w.org\/{rel}","templated":true}]}}